61
Suppose -5*f - q = -29930, -1085 = f - 3*q - 7071. List the prime factors of f.
2, 41, 73
Let o(p) = 3*p**2 - 12*p + 8. Let x be o(4). What are the prime factors of -42*904/(-128) + 3/x?
3, 11
Suppose -3*m - 16 = -3*a - 2*a, 0 = -3*m + 2*a - 1. Suppose -4*h - m*h = -1449. What are the prime factors of h?
3, 23
Let z(w) = -w**3 - w**2 + 2*w + 7. Let l be z(0). Let v = l + -4. Suppose v*y = -5*y + 1152. What are the prime factors of y?
2, 3
Suppose 3*f + 4*p = 17, -5*p - 5 = -11*f + 6*f. List the prime factors of (-12345)/(-21) + f/21.
2, 3, 7
Let h(z) = 14*z**2 - 50*z - 24. Suppose -440 = -3*s - 41*s. List the prime factors of h(s).
2, 3, 73
Suppose -y - 4*n + 14248 = 0, -24 = -9*n + 21. What are the prime factors of y?
2, 3557
Suppose -4*k = -3*b - 36, -k + 20 + 23 = -5*b. Let h be 2*(-1)/4*b. Suppose h*y = 468 - 112. List the prime factors of y.
89
Let s = 38 + -38. Suppose o - 2 + 4 = s, 21 = i + 2*o. Suppose 5 = -5*z, 3*h - z = -0*h + i. What are the prime factors of h?
2
Suppose 5045 = 3*g - 4*a, -4*g - 219*a + 6705 = -220*a. What are the prime factors of g?
5, 67
Let k be ((-192)/120)/((-4)/10). List the prime factors of (5 - k)*4*47/2.
2, 47
Let p(d) = 4261*d**3 + 2*d**2 - 7*d + 17. List the prime factors of p(2).
13, 43, 61
Let l(h) = 13*h**2 + 57*h - 2274. What are the prime factors of l(43)?
2, 12107
Suppose 29*n = 7536 + 55713. What are the prime factors of n?
3, 727
Let m = 100729 - 57187. List the prime factors of m.
2, 3, 41, 59
Suppose -4*c - 49*c = -2435456. What are the prime factors of c?
2, 359
Let k be 0 + (-6)/(-9) + (-568)/(-12). Suppose k*b - 41*b = 7553. List the prime factors of b.
13, 83
Let s(h) be the third derivative of h**6/120 - 7*h**5/20 - 2*h**4/3 - 5*h**3/6 - 36*h**2. What are the prime factors of s(22)?
127
Suppose s = s - 3*s. Suppose s = 4*j + 4*a - 268, 0*j - 5*a = -4*j + 313. What are the prime factors of j?
2, 3
Let d(n) = -19*n**3 - 2*n**2 + 8*n - 3. Let g be d(2). Let m = 444 - g. What are the prime factors of m?
3, 197
Suppose 4*j - n + 78 = 0, 2*j - 3*n + 30 = -7*n. Let l = j - -14. Let d = l - -9. What are the prime factors of d?
2
Suppose -200961 - 207664 = -25*l - 29775. List the prime factors of l.
2, 7577
Let n = -46 + -72. Let o = n - -215. List the prime factors of o.
97
Suppose -96*f = -114*f + 99540. What are the prime factors of f?
2, 5, 7, 79
Suppose -2*l = l - 261. Let i be -1*63 - 0*(-8)/64. Let q = l + i. List the prime factors of q.
2, 3
Let m(g) = -113*g - 8. Let k be ((-84)/(-70))/(24/15 - 2). What are the prime factors of m(k)?
331
Let d(v) = 63*v - 4. Let o be d(8). Let m(s) = 12*s**2 - 498*s + 7 + o*s + 3 - 4*s**2. List the prime factors of m(4).
2, 73
Let k(q) = -39*q + 13 + q - 4. List the prime factors of k(-8).
313
Let a(w) be the second derivative of 19*w**4/6 + w**3/2 + w**2 - w. Let j = -5750 + 5749. List the prime factors of a(j).
37
What are the prime factors of (-220)/(-40)*(267304/44 + -4)?
33391
Suppose 0 = -5*t - 2*h + 15202, -5*t - 2027 = 4*h - 17241. List the prime factors of t.
2, 7, 31
Suppose -6782 = -a - 2*b, a - 67*b - 6794 = -63*b. What are the prime factors of a?
2, 3, 13, 29
Let r = -16934 + 39956. List the prime factors of r.
2, 3, 1279
Let l = 1039 + -309. List the prime factors of ((-1)/((-6)/l))/(4/12).
5, 73
Suppose -5*r + 5*w - 17 = -9*r, 4*r - 2*w = -18. List the prime factors of ((-14)/(-8) + r)/((-3)/7212).
601
What are the prime factors of 12/5 + 4/(-10) + 20500 + -1476?
2, 3, 7, 151
Suppose 3*g + 0 = 15. Suppose -g*v + 96 = 301. Let h = v + 57. List the prime factors of h.
2
Let n be ((-8)/(-10))/((-9)/((-32220)/8)). Suppose 48 = 7*o - n. List the prime factors of o.
2, 29
Let u = -35 - -38. Suppose 0 = u*m + 3, 0 = d - 4*m - 8. Suppose -3*c = -5*c + 3*o + 77, 3*c - 118 = d*o. List the prime factors of c.
2, 23
Let s(n) = 89*n**2 - 102*n - 1388. List the prime factors of s(-12).
2, 3163
Suppose 226 = 4*l - u, 317 = 4*l + 4*u + 81. What are the prime factors of l?
3, 19
Suppose 0 = 4*h - 62 + 182. Let r(y) = -y**3 + 24*y**2 + 18*y + 211. Let i be r(25). Let o = i + h. What are the prime factors of o?
2, 3
Let c(s) = 9*s - 8*s - 7 - s**2 + 36. Let q be c(6). List the prime factors of (-3 + 1)*(q - 11).
2, 3
Let u be (-39024)/(-22) - (-2 + 180/99). Suppose -q = y + 196 - 1940, -y + 5*q + u = 0. What are the prime factors of y?
3, 11, 53
Let p = 3084 - 1939. What are the prime factors of p?
5, 229
Let n(u) = 2*u**2 + 32*u + 36. Let p be n(-15). Suppose 12*a - p*a = 216. Suppose -3*x + a = -138. What are the prime factors of x?
2, 29
Suppose -2*y + 4*x + 49904 = 0, -124728 = -9*y + 4*y + 2*x. What are the prime factors of y?
2, 1559
Let z = -2 + 13. Let x = z - 9. Suppose x*i + r + 121 = 6*i, 2*r = 6. What are the prime factors of i?
31
Suppose -d - 6*b + 115 = -b, 0 = -5*b - 5. List the prime factors of d/(-540) - (-10840)/18.
2, 7, 43
Let d be 5 + -1 + (-4 - 1). What are the prime factors of d/(-6)*-706*-3?
353
Suppose -29*q - 17015 = 10738. Let h = 1553 + q. What are the prime factors of h?
2, 149
Let z(v) = 164*v**2 + 142*v - 856. List the prime factors of z(6).
2, 5, 59
Suppose 0 = 2*r - 2, -4*y - y + r = -1369. What are the prime factors of (y/(-2))/(6/((-42)/7))?
137
Let z be (-1)/3*(5 - 74). Suppose 0 = z*w - 24*w + 145. List the prime factors of w.
5, 29
Let q = 300 + 4442. List the prime factors of q.
2, 2371
Let u be (-19)/7 + (-14)/49. List the prime factors of (-53280)/(-99) + (70/(-22) - u).
2, 269
Let o(l) = -47*l + 6. Let y = 156 - 161. What are the prime factors of o(y)?
241
Let h be 2/(-10) - (-191)/5. Suppose 0 = 4*g + g - 3*s - h, -4*s = -4*g + 24. Let v = 18 - g. What are the prime factors of v?
2
Let q be 48/4 + (-1 - -3). Suppose q*b - 19*b + 40 = 0. Suppose -b*x + 54 = -2*x. What are the prime factors of x?
3
Suppose 0 = 2*i - i + 4. What are the prime factors of -3 - (2 + i*59)?
3, 7, 11
Let r(k) = 5*k**2 - 224*k - 407. List the prime factors of r(90).
31, 643
Let v = -131 + 226. Let y = 152 + v. Let k = y + -139. List the prime factors of k.
2, 3
Suppose -163*k - 5*h + 9676 = -162*k, -2*h + 29041 = 3*k. What are the prime factors of k?
3, 7, 461
Let t = 156 + -152. Suppose -c = -2*x - 99 - 171, -276 = -c + t*x. What are the prime factors of c?
2, 3, 11
Suppose -1 = -a, 0 = p + 2*p - 6*a - 12666. What are the prime factors of p?
2, 3, 11
What are the prime factors of (120720 + 3)/(145 + -142)?
40241
Let h = -1557 + 2527. What are the prime factors of (63/(-6))/((-15)/h)?
7, 97
List the prime factors of (-1065350)/(-225) + 6/54.
5, 947
Suppose -30 = -4*u + 2*o, -31 + 11 = u + 5*o. Let r(q) = -5*q + 74. List the prime factors of r(u).
7
Let c(f) be the first derivative of 12*f**2 - 12*f + 39. Let r be 0 + -1*(-1 + -7). List the prime factors of c(r).
2, 3, 5
Suppose -3*u + 5*x = -13185 - 26679, 26560 = 2*u + 2*x. List the prime factors of u.
37, 359
Let j be (-63 + 49)*(-6)/4. Let y(u) = 85*u - 255. List the prime factors of y(j).
2, 3, 5, 17
Let t be (3 - 8) + -12*9/(-12). Suppose 5*r - 2126 = 5*o - 3*o, t*o = 2*r - 844. What are the prime factors of r?
2, 3, 71
Suppose 8*s = 14*s - 150. List the prime factors of 1169/1 - (s + -24).
2, 73
Let w(s) = 3*s**2 - 21*s + 1. Let p be w(7). Let a(m) = 317*m**2 - 4*m + 3. What are the prime factors of a(p)?
2, 79
Suppose -10 = -2*c, 4*n = -0*n + 5*c + 143. Let h be n/8 - (-3)/(-12). Suppose 3*g - 83 = -h*d, -4*g = d - 4*d - 101. What are the prime factors of g?
2, 13
What are the prime factors of ((-36)/54*33786)/(2/(-1))?
2, 3, 1877
Suppose -3*t + 3 = 0, 6*h - 4*h + 5*t - 45 = 0. What are the prime factors of 1/2*6 + h?
23
Suppose 0 = -53*t + 61*t - 48. List the prime factors of -1 + 0 - (t + (-245 - 5)).
3
Let d(a) = -1710*a + 6574. What are the prime factors of d(-8)?
2, 13, 19, 41
Suppose -4*z - 11 + 23 = 0. Let g be 18/(3 - z/2). Suppose -58 = -g*j + 11*j. What are the prime factors of j?
2, 29
Let q = 32430 - 9792. What are the prime factors of q?
2, 3, 7, 11
Suppose 0 = -l - 3*l + 5*n + 254, -2*l = 2*n - 136. Let f be (1 + -1)/(1 + 0) + 102. Suppose l = 3*p - p + 2*w, -2*w + f = 3*p. List the prime factors of p.
2, 3
Suppose 0 = f + p - 8462 - 113, -f + 5*p + 8599 = 0. What are the prime factors of f?
23, 373
Let r(i) = 25*i**2 - 5*i - 4. Let h(z) = 25*z**2 - 5*z - 4. Let l